t common divisor of l and 420.
84
Let x(d) = -d**3 - 2 - 16*d + 18*d**2 - 11 - 4. Let r be x(17). Suppose r = 5*g - 13 + 3. What is the greatest common divisor of 2 and g?
2
Suppose 5*y + 30 = 5*g, 3*g - 2*y + 4*y + 2 = 0. Let r be (0*3/9)/g. Suppose -b + 3*b - 154 = r. Calculate the greatest common factor of b and 11.
11
Let s be 100/(-6)*6/(-4). Let i = -23 + s. Let f be -2*((-17)/i + 1). Calculate the greatest common factor of f and 75.
15
Let d(b) = -3*b**2 + 107 + 4*b**2 - 108 + b. Let j be d(4). Calculate the highest common divisor of j and 171.
19
Suppose -4*n + 7*n - 365 = -m, -5*n - 5*m + 595 = 0. Calculate the highest common factor of 164 and n.
41
Let a be (3/(-9))/((-3)/27). Let i be 3*(11/3 - a). Let l be 8 + 1 + 0 - i. Calculate the greatest common factor of 49 and l.
7
Let u be (-18)/(-8)*364/39. Let b be (-9)/(-15) + 2/5. Let i be (7*2)/(2/b). Calculate the highest common divisor of i and u.
7
Suppose 258 = -14*p + 1308. Let l = 84 + -34. Calculate the greatest common factor of l and p.
25
Let o be 4/(-24)*-3*-74. Suppose -9*d + 8*d + 53 = 0. Let j = o + d. What is the greatest common divisor of 112 and j?
16
Let b be 5/(-1) - -3*(-32)/(-3). Calculate the highest common factor of b and 513.
27
Let r = 12 + -2. Suppose -76 - 4 = -4*t. Calculate the greatest common factor of t and r.
10
Let h = 108 + 39. Let y(k) = -k**3 - 10*k**2 - k + 11. Let o be y(-10). What is the highest common factor of h and o?
21
Suppose 0 = -7*r + 2*r. Let d(x) = 9*x**2 + x + 1. Let y be d(-1). Suppose r = -u + 54 + y. What is the greatest common factor of u and 21?
21
Let f = 29 - 28. Let p be (1 - 34)*f/(-3). What is the highest common factor of p and 88?
11
Suppose 0 = -3*t - 2*t. Let m be t/(-6) - 45/3. Let x = 4 - m. What is the highest common factor of 76 and x?
19
Let v(r) = 24*r. Let b be v(1). Suppose 2*z - 4*q = 104, 4*q + q = -10. Suppose 3*d - z = -d. Calculate the highest common factor of d and b.
12
Suppose 0 = 2*x - 2*u, 2*x - 16 = -u - u. Suppose x*h = 92 - 8. Calculate the highest common divisor of h and 7.
7
Let z(c) = -2*c**3 - 11*c**2 - 23*c - 10. Let x be z(-5). Suppose -264 = -8*i - 24. What is the greatest common divisor of i and x?
10
Let u be (-7)/(-2) - (-1)/(-2). Suppose -2*n = 2*a + u*n - 98, 4*n = 3*a - 124. Let v be 4/12 - 394/(-6). Calculate the greatest common divisor of a and v.
22
Suppose 0 = c + b - 12, b = c + 4*c - 36. Let m be 2/8 + 90/24. Suppose -4*t = -k - 4 - m, 2*k = 0. Calculate the greatest common divisor of c and t.
2
Suppose 372 = 4*q + 4*k, -5*q = 7*k - 5*k - 468. What is the highest common divisor of 329 and q?
47
Let x be (-4 - 1)/(2/(-6)). Let j = 5801 - 5798. Calculate the greatest common factor of j and x.
3
Let m = 134 - 128. Let i = 20 + -12. Suppose m*n + 24 = i*n. What is the highest common factor of 12 and n?
12
Let v be 12/((3/(-44))/(-1)). Suppose -v - 148 = -4*z. Calculate the highest common divisor of z and 54.
27
Let s = -92 - -132. Suppose 0 + s = 10*y. Calculate the highest common divisor of y and 4.
4
Let z be 12*20/6 - 0. Suppose 0 = a + l - 21, -l + 18 = 4*a - 51. What is the greatest common factor of z and a?
8
Let g(w) = 3*w**2 - 2. Let r be g(-7). Let q = -41 + 70. What is the highest common divisor of r and q?
29
Let r = 10 - 10. Suppose 4*d + 16 = r, 5*w - 5*d - 72 = w. What is the greatest common divisor of 52 and w?
13
Suppose 850 - 22 = 2*a. Suppose u + 4*u + c - 422 = 0, -a = -5*u + 3*c. Let y be (6/7)/(1/u). What is the highest common divisor of 24 and y?
24
Let u = -173 - -183. Calculate the highest common divisor of u and 65.
5
Suppose t - 3*f = 48, -f + 0 = -1. Let b = t + 19. Suppose -62 = -5*a + 4*s, -27*a + 30*a - s - 40 = 0. What is the highest common divisor of b and a?
14
Suppose -o - p = -39 - 31, -2*o + 154 = -5*p. What is the highest common divisor of o and 27?
9
Suppose -6*a = -3*a - 12. Let f(z) = 2*z + 8*z + 14 + a*z + 0*z. Let w be f(8). Calculate the highest common divisor of w and 14.
14
Let c = 605 + -525. Calculate the greatest common divisor of 130 and c.
10
Let m be 2 - 1 - (3 + 6). Let a be (6/4)/((-4)/m). Suppose l - 5*l + 38 = -u, 0 = a*l - u - 29. What is the highest common factor of l and 63?
9
Let z be 3*3/((-18)/(-112)). Suppose 3*p - 136 = -4*r, 2*r + 217 = 5*p - r. Let x be 2/(-6) - p/(-6). What is the highest common factor of x and z?
7
Let p be 1221/(-55)*5/1. Let d = p + 155. What is the highest common divisor of 110 and d?
22
Let c be (44/(-5))/(-11)*(-1 - -16). What is the highest common factor of c and 6?
6
Let d(i) = 2*i**2 + 17*i + 36. Let p be d(-12). Calculate the highest common divisor of 60 and p.
60
Let j(g) be the first derivative of 2*g**3/3 - g**2 - 2*g - 2. Suppose 5 = -3*k + 11. Let c be j(k). What is the highest common divisor of c and 2?
2
Let i = -303 - -309. What is the highest common factor of i and 9?
3
Let z(s) = 15*s - 1. Let d be z(-1). Let b = 26 + d. Suppose -5*t + 113 = 4*h - 117, -225 = -4*t + 5*h. Calculate the greatest common divisor of t and b.
10
Suppose -4*p - 5 = p. Let v be 11 - (-3 + 3 + p). Let q be (-3 + 2)/1 + v. What is the greatest common factor of 55 and q?
11
Let t(a) = 8*a - 5. Let y be t(5). Let f = -3804 + 4049. Calculate the greatest common divisor of y and f.
35
Let d = -15 + 42. Suppose 2*n - 10*j - 18 = -6*j, 2*n - 2*j - 18 = 0. Calculate the greatest common divisor of n and d.
9
Suppose 5*j = -2*a + 94, -2*j - a - 5 = -42. Calculate the greatest common factor of 530 and j.
10
Let o = 18 + -13. Suppose 0 = -2*g + 3 + o. Suppose -4*i = -16 - g. Calculate the greatest common factor of i and 5.
5
Let v be (-12)/(-4) - (-1)/1. Suppose -r - 1 = -2*r, -2*r = v*l - 302. What is the highest common factor of l and 30?
15
Suppose -4*n + 18 = 2*o, -4*o + 0*n - 2*n + 30 = 0. Suppose o = -5*b + 6*b - 2*q, -2*b - q = -9. What is the greatest common factor of b and 35?
5
Let g = -3 + 10. Let y(v) = -3*v**3 - v + 1. Let i be y(1). Let j be i + (-93)/(-3) + 0. What is the greatest common divisor of j and g?
7
Suppose -2*y = y. Suppose -3*c - c + 20 = y. Suppose 0 = 4*i + 3*f - c, 3*i - i + 2*f - 2 = 0. Calculate the greatest common divisor of i and 8.
2
Let u = -4555 + 6553. What is the highest common divisor of u and 54?
54
Suppose 0 = -49*z + 68*z - 2470. Calculate the highest common factor of z and 50.
10
Let k be 8*(10/5 + 2). What is the greatest common divisor of k and 96?
32
Let h be (-1)/(-6)*20*6. Let j be 177/6 - (-1)/2. What is the greatest common factor of j and h?
10
Let p = -14 - -24. Suppose -46 = -4*a + 2. Let r = 13 + a. Calculate the highest common divisor of p and r.
5
Suppose 2*d = -j - 2*j - 163, 2*j + 108 = -2*d. Let g be (j/33)/(1/(-3)). What is the highest common factor of 15 and g?
5
Suppose 0 = -2*d + 18. Let b = d - 5. Suppose 3*v - 34 = b*j, -95 + 25 = -5*v + 4*j. What is the highest common factor of v and 90?
18
Let a(i) be the first derivative of i**3/3 + 13*i**2/2 - 39*i - 12. Let p be a(-16). What is the greatest common factor of 18 and p?
9
Suppose -10*h + 290 + 70 = 0. Calculate the highest common factor of h and 81.
9
Let a be (6 + -4)*10/4. Suppose q - 5*l = 2*q - 26, 4*l = a*q - 14. Let d be (4/12)/(2/q). What is the highest common divisor of d and 3?
1
Let w be 50 - ((-4)/(-14) - (-108)/63). Suppose -v = -10 + 6. Calculate the highest common factor of v and w.
4
Suppose 4*u - 68 = l, 0*l - 34 = -2*u + 5*l. Suppose 4*r + r = 85. Calculate the highest common factor of u and r.
17
Suppose 137 = h + 109. What is the greatest common factor of h and 21?
7
Let d = -1475 + 1700. Calculate the highest common divisor of 175 and d.
25
Suppose 2*i = 4 - 0. Let s(o) = 40*o - 3. Let f be s(i). Let r be 10 + (12/3 - 3). Calculate the greatest common divisor of f and r.
11
Let z(m) be the second derivative of 23*m**5/20 + m**4/12 - m**3/3 + m**2/2 - 2*m. Let h be z(1). Let p = h + -13. What is the highest common factor of 5 and p?
5
Let k = 18 + -16. Suppose -7 - 1 = k*h - 5*v, -3*h = 3*v - 9. Let z be h - -2 - (-21 + -8). What is the highest common factor of z and 80?
16
Suppose -5*k - 3*x + 1073 = 0, -2*x = 4*k + x - 856. Let f be k/35 + (-2)/10. Let g be 1/(-1 + f/5). Calculate the greatest common divisor of 5 and g.
5
Let n = 26 - 11. Let b be (6/4)/(3/82). Suppose 5*v - b = -11. 